{"id":30,"date":"2012-11-06T11:48:15","date_gmt":"2012-11-06T11:48:15","guid":{"rendered":"http:\/\/fathiddin.net\/english\/?page_id=30"},"modified":"2021-03-01T17:16:07","modified_gmt":"2021-03-01T17:16:07","slug":"work-experience","status":"publish","type":"page","link":"https:\/\/fathiddin.net\/english\/?page_id=30","title":{"rendered":"Work Experience"},"content":{"rendered":"<p>2020 &#8211; Now\u00a0\u00a0\u00a0 \u00a0\u00a0\u00a0\u00a0\u00a0\u00a0\u00a0\u00a0Sultan Sharif Ali Islamic University\u00a0\u00a0 \u00a0\u00a0\u00a0\u00a0\u00a0\u00a0\u00a0\u00a0\u00a0\u00a0\u00a0Brunei Darussalam.<br \/>\n<strong>Professor Doctor.<br \/>\n<\/strong><span style=\"color: #444444;\">Faculty of Usuluddin.<br \/>\n<\/span><span style=\"color: #444444;\">&#8211; Teaching courses related to Hadith. <\/span><em>(\u2018Ul\u016bm al-Hadith<\/em><span style=\"color: #444444;\">, <\/span><em>\u2018Ilm al-Jar\u1e25 wa al-Ta\u2018d\u012bl<\/em><span style=\"color: #444444;\">, <\/span><em>Dir\u0101sat f\u012b Kutub al-Sunnah, \u2018Ul\u016bm Dir\u0101yat al-Matn<\/em><span style=\"color: #444444;\"> and others)<br \/>\n<\/span><span style=\"color: #444444;\">&#8211; Member of the University Senate (2020\/2021).<br \/>\n<\/span><span style=\"color: #444444;\">&#8211; Chairman of Research and Staff Development Committee (2020\/2021).<br \/>\n<\/span><span style=\"color: #444444;\">&#8211; Member of Postgraduate Committee (2020\/2021).<br \/>\n<\/span><span style=\"color: #444444;\">&#8211; Coordinator of Updating the Content of Hadith Courses Committee (2020\/2021).<br \/>\n<\/span><span style=\"color: #444444;\">&#8211; Supervisor and examiner of Master and Ph. D. thesis.<br \/>\n<\/span><span style=\"color: #444444;\">&#8211; Referee for some Arabic and English refereed journals.<\/span><\/p>\n<p>2017 &#8211; 2020\u00a0\u00a0\u00a0\u00a0\u00a0\u00a0\u00a0\u00a0\u00a0\u00a0\u00a0\u00a0\u00a0\u00a0\u00a0\u00a0\u00a0 King Saud University\u00a0\u00a0\u00a0\u00a0 \u00a0\u00a0\u00a0\u00a0\u00a0\u00a0\u00a0\u00a0\u00a0\u00a0\u00a0\u00a0\u00a0Riyadh, Saudi Arabia.<br \/>\n<strong>Professor Doctor.<br \/>\n<\/strong><span style=\"color: #444444;\">Department of Islamic Studies, College of Education.<br \/>\n<\/span><span style=\"color: #444444;\">&#8211; Teaching courses related to Hadith (Sciences of Hadith, <\/span><em>Takhr\u012bj al-Had\u012bth<\/em><span style=\"color: #444444;\">, <\/span><em>Dir\u0101sat al-Sunan, <\/em><span style=\"color: #444444;\">Methodology of Hadith scholars and others).<br \/>\n<\/span><span style=\"color: #444444;\">&#8211; Member of Curriculum Development Committee.<br \/>\n<\/span><span style=\"color: #444444;\">&#8211; Member of Quality and Academic Accreditation Committee.<br \/>\n<\/span><span style=\"color: #444444;\">&#8211; Supervisor and examiner of Master and Ph. D. thesis.<br \/>\n<\/span><span style=\"color: #444444;\">&#8211; Referee for some Arabic and English refereed journals.<\/span><\/p>\n<p>2014 &#8211;\u00a0 2017\u00a0\u00a0\u00a0\u00a0\u00a0\u00a0\u00a0\u00a0\u00a0\u00a0\u00a0\u00a0\u00a0\u00a0\u00a0\u00a0\u00a0\u00a0 King Saud University\u00a0\u00a0\u00a0\u00a0\u00a0\u00a0\u00a0\u00a0\u00a0\u00a0\u00a0\u00a0\u00a0\u00a0\u00a0\u00a0\u00a0 Riyadh, Saudi Arabia.<br \/>\n<strong>Associate Professor.<br \/>\n<\/strong><span style=\"color: #444444;\">Department of Islamic Studies, College of Education.<br \/>\n<\/span><span style=\"color: #444444;\">&#8211; Teaching courses related to Hadith offered by Islamic Studies Department, College of Education. (Sciences of Hadith, <\/span><em>Takhr\u012bj al-Had\u012bth<\/em><span style=\"color: #444444;\">, <\/span><em>Dir\u0101sat al-Sunan <\/em><span style=\"color: #444444;\">and others).<br \/>\n<\/span><span style=\"color: #444444;\">&#8211; Member of Curriculum Development. Committee.<br \/>\n<\/span><span style=\"color: #444444;\">&#8211; Supervisor and examiner of Master and Ph. D. thesis.<br \/>\n<\/span><span style=\"color: #444444;\">&#8211; Referee for some Arabic and English refereed journals.<\/span><\/p>\n<p>2009 &#8211;\u00a0 2014\u00a0\u00a0\u00a0\u00a0\u00a0\u00a0\u00a0\u00a0\u00a0\u00a0\u00a0\u00a0\u00a0\u00a0\u00a0\u00a0\u00a0 King Saud University\u00a0\u00a0 \u00a0\u00a0\u00a0\u00a0\u00a0\u00a0\u00a0\u00a0\u00a0\u00a0\u00a0\u00a0\u00a0\u00a0\u00a0Riyadh, Saudi Arabia.<br \/>\n<strong>Associate Professor.<br \/>\n<\/strong><span style=\"color: #444444;\">Prince Sultan Ibn Abdul&#8217;Aziz Chair, Department of Islamic Studies, College of Education.<br \/>\n<\/span><span style=\"color: #444444;\">&#8211; Teaching courses offered by Islamic Studies Department, College of Education.<br \/>\n<\/span><span style=\"color: #444444;\">&#8211; Member of \u201cAcademic Committee\u201d in Prince Sultan Ibn Abdul&#8217;Aziz Chair for Contemporary Islamic Studies.<br \/>\n<\/span><span style=\"color: #444444;\">&#8211; Conducting and reviewing articles related to contemporary Islamic issues.<br \/>\n<\/span><span style=\"color: #444444;\">&#8211; Referee for some Arabic and English refereed journals.<br \/>\n<\/span><span style=\"color: #444444;\">&#8211; Member of the main committee of &#8220;<\/span><em>Sila<\/em><span style=\"color: #444444;\">&#8221; Project for oriental work, Ministry of <\/span><em>Awq\u0101f<\/em><span style=\"color: #444444;\"> and Islamic Affairs, Kuwait, 2011-2012.<\/span><span style=\"color: #444444;\">\u00a0<\/span><\/p>\n<p>2008 &#8211; 2009\u00a0\u00a0\u00a0\u00a0\u00a0\u00a0\u00a0\u00a0\u00a0\u00a0\u00a0\u00a0\u00a0\u00a0\u00a0 International Islamic University\u00a0\u00a0\u00a0\u00a0\u00a0\u00a0\u00a0\u00a0\u00a0\u00a0\u00a0\u00a0\u00a0\u00a0\u00a0\u00a0\u00a0\u00a0\u00a0\u00a0 K. L. Malaysia.<br \/>\n<strong>Associate Professor (DS 54)<br \/>\n<\/strong>Department of Quran and <em>Sunnah<\/em> Studies, Kulliyyah of Islamic Revealed Knowledge and Human Sciences.<br \/>\n&#8211; Teaching courses related to Hadith. (Sciences of Hadith, Recording of <em>Sunnah<\/em>, Criteria for Hadith Criticism, Principles of Dealing with <em>Sunnah<\/em>, Sciences of Textual analysis of Hadith).<br \/>\n&#8211; Chairman of \u201cPostgraduate committee\u201d.<br \/>\n&#8211; Member of \u201cAcademic and Curriculum Development Committee\u201d.<br \/>\n&#8211; Member of Board Studies: Bachelor of Islamic Revealed Knowledge in <em>Qur\u2019an<\/em> and <em>Sunnah<\/em> Studies Programme, 2007-2009.<br \/>\n&#8211; Member of \u201cPostgraduate Committee\u201d, KPGC, Kulliyyah Level, 2007-2009.<br \/>\n&#8211; Coordinator of \u201cTheses\u2019 Supervision and Assessment\u201d Workshop, Postgraduate Committee, Department of Quran and <em>Sunnah<\/em> Studies, Kulliyyah of Islamic Revealed Knowledge and Human Sciences, 17.4.2008.<br \/>\n&#8211; Examiner and supervisor of Master and Ph.D. theses.<br \/>\n&#8211; Referee for some Arabic and English, refereed journals.<\/p>\n<p>2005-2008\u00a0\u00a0\u00a0\u00a0\u00a0\u00a0\u00a0\u00a0\u00a0\u00a0\u00a0\u00a0\u00a0\u00a0\u00a0\u00a0\u00a0\u00a0 International Islamic University\u00a0\u00a0\u00a0\u00a0\u00a0\u00a0\u00a0\u00a0\u00a0\u00a0\u00a0\u00a0\u00a0\u00a0\u00a0\u00a0\u00a0\u00a0 K. L. Malaysia.<br \/>\n<strong>Assistant Professor (DS 52)<br \/>\n<\/strong>Department of Quran and <em>Sunnah<\/em> Studies, Kulliyyah of Islamic Revealed Knowledge and Human Sciences.<br \/>\n&#8211; Teaching courses related to Hadith. (Sciences of Hadith, Recording of <em>Sunnah<\/em>, Criteria for Hadith Criticism, Principles of Dealing with <em>Sunnah<\/em>, Sciences of Textual analysis of Hadith).<br \/>\n&#8211; Chairman of \u201cPostgraduate committee\u201d, 2006-2008.<br \/>\n&#8211; Member of \u201cPostgraduate committee\u201d, 2005-2006.<br \/>\n&#8211; Member of \u201cAcademic and Curriculum development committee\u201d, 2006-2008.<br \/>\n&#8211; Member of \u201cCurriculum development committee\u201d, 2007-2008.<br \/>\n&#8211; Member of working committee for scrutinizing course outline, IRK Division, Kulliyyah of Islamic Revealed Knowledge and Human Sciences, 2007-2008.<br \/>\n&#8211; Examiner and supervisor of Master and Ph.D. theses.<br \/>\n&#8211; Referee for some Arabic and English, refereed journals.<\/p>\n<p>2002-2005\u00a0\u00a0\u00a0\u00a0\u00a0\u00a0\u00a0\u00a0\u00a0\u00a0\u00a0\u00a0\u00a0\u00a0\u00a0\u00a0\u00a0\u00a0\u00a0\u00a0\u00a0 International Islamic University\u00a0\u00a0\u00a0\u00a0\u00a0\u00a0\u00a0\u00a0\u00a0\u00a0\u00a0\u00a0\u00a0\u00a0\u00a0\u00a0 K. L. Malaysia.<br \/>\n<strong>Assistant Professor (DS 45)<br \/>\n<\/strong>Department of Quran and <em>Sunnah<\/em> Studies, Kulliyyah of Islamic Revealed Knowledge and Human Sciences.<br \/>\n&#8211; Teaching courses related to Hadith. (Criteria for Hadith Criticism, Recording <em>Sunnah<\/em>, Sciences of Hadith).<br \/>\n&#8211; Deputy chairman of \u201cResearch Committee\u201d, 2002-2003.<br \/>\n&#8211; Member of \u201cAcademic committee\u201d, 2003-2004.<br \/>\n&#8211; Member of the \u201cQuality Research Award\u201d committee, Kulliyyah of Islamic Revealed Knowledge, 2002-2004.<br \/>\n&#8211; Member of \u201cPostgraduate committee\u201d, 2003-2005.<br \/>\n&#8211; Member of \u201cCurriculum Review Committee\u201d, 2004-2005.<br \/>\n&#8211; Examiner and supervisor of Master and Ph.D. theses.<br \/>\n&#8211; Referee for some Arabic and English, refereed journals.<\/p>\n<p>2001- 2002\u00a0\u00a0\u00a0 \u00a0 \u00a0\u00a0\u00a0\u00a0\u00a0\u00a0\u00a0\u00a0\u00a0\u00a0\u00a0\u00a0\u00a0\u00a0\u00a0\u00a0\u00a0\u00a0Taiba Company\u00a0\u00a0\u00a0\u00a0\u00a0\u00a0\u00a0\u00a0\u00a0\u00a0\u00a0\u00a0\u00a0\u00a0\u00a0\u00a0\u00a0\u00a0\u00a0\u00a0\u00a0\u00a0\u00a0\u00a0\u00a0\u00a0Jeddah,Saudi Arabia.<br \/>\n<strong><em>Shar\u012b<\/em><\/strong><strong><em>\u2018ah<\/em><\/strong><strong> Adviser.<br \/>\n<\/strong>&#8211; Supervising the activities of the company, and ensuring their compliance with Islamic <em>Shari<\/em><em>\u2018ah<\/em>.<br \/>\n&#8211; Considering transactions performed by the company from the Islamic point of view.<br \/>\n&#8211; Issuing decisions regarding the company\u2019s transactions.<\/p>\n<p>1995 &#8211; 2001\u00a0\u00a0\u00a0\u00a0 \u00a0\u00a0\u00a0\u00a0\u00a0\u00a0\u00a0\u00a0\u00a0\u00a0\u00a0\u00a0\u00a0\u00a0\u00a0\u00a0\u00a0 Ministry of Islamic Affairs\u00a0\u00a0\u00a0\u00a0\u00a0\u00a0\u00a0\u00a0\u00a0\u00a0 \u00a0\u00a0\u00a0\u00a0\u00a0\u00a0\u00a0\u00a0\u00a0\u00a0\u00a0\u00a0\u00a0\u00a0\u00a0\u00a0\u00a0\u00a0\u00a0Doha,Qatar.<br \/>\n<strong><em>Shar\u012b<\/em><\/strong><strong><em>\u2018ah<\/em><\/strong><strong> Researcher.<br \/>\n<\/strong>&#8211; Evaluating studies and theses submitted to the \u201cResearch and StudyCenter\u201d, and nominating them for publishing under the name of the Center, in <em>al-Ummah<\/em> Book Series.<br \/>\n&#8211; Revising and editing accepted studies in order to be published in <em>al-Ummah<\/em> Book Series.<br \/>\n&#8211;\u00a0 Preparing special studies for the Center.<br \/>\n&#8211;\u00a0 Supervising the Archives Section.<br \/>\n&#8211;\u00a0 Translating documents from English into Arabic and vise versa.<br \/>\n&#8211;\u00a0 Internet Committee Member (1995-2000).<br \/>\nThe committee was appointed by the Minister of Islamic Affairs, in order to supervise the activity of the Ministry of Islamic Affairs in the world wide web and to establish a web site under the name of the Ministry (<a href=\"http:\/\/www.islam.gov.qa\/\">www.Islam.gov.qa<\/a>) and (www.Islamweb.net).<\/p>\n","protected":false},"excerpt":{"rendered":"<p>2020 &#8211; Now\u00a0\u00a0\u00a0 \u00a0\u00a0\u00a0\u00a0\u00a0\u00a0\u00a0\u00a0Sultan Sharif Ali Islamic University\u00a0\u00a0 \u00a0\u00a0\u00a0\u00a0\u00a0\u00a0\u00a0\u00a0\u00a0\u00a0\u00a0Brunei Darussalam. Professor Doctor. Faculty of Usuluddin. &#8211; Teaching courses related to Hadith. (\u2018Ul\u016bm al-Hadith, \u2018Ilm al-Jar\u1e25 wa al-Ta\u2018d\u012bl, Dir\u0101sat f\u012b Kutub al-Sunnah, \u2018Ul\u016bm Dir\u0101yat al-Matn and others) &#8211; Member of the &hellip; <a href=\"https:\/\/fathiddin.net\/english\/?page_id=30\">Continue reading <span class=\"meta-nav\">&rarr;<\/span><\/a><\/p>\n","protected":false},"author":1,"featured_media":0,"parent":15,"menu_order":0,"comment_status":"closed","ping_status":"closed","template":"","meta":{"footnotes":""},"class_list":["post-30","page","type-page","status-publish","hentry"],"_links":{"self":[{"href":"https:\/\/fathiddin.net\/english\/index.php?rest_route=\/wp\/v2\/pages\/30","targetHints":{"allow":["GET"]}}],"collection":[{"href":"https:\/\/fathiddin.net\/english\/index.php?rest_route=\/wp\/v2\/pages"}],"about":[{"href":"https:\/\/fathiddin.net\/english\/index.php?rest_route=\/wp\/v2\/types\/page"}],"author":[{"embeddable":true,"href":"https:\/\/fathiddin.net\/english\/index.php?rest_route=\/wp\/v2\/users\/1"}],"replies":[{"embeddable":true,"href":"https:\/\/fathiddin.net\/english\/index.php?rest_route=%2Fwp%2Fv2%2Fcomments&post=30"}],"version-history":[{"count":6,"href":"https:\/\/fathiddin.net\/english\/index.php?rest_route=\/wp\/v2\/pages\/30\/revisions"}],"predecessor-version":[{"id":121,"href":"https:\/\/fathiddin.net\/english\/index.php?rest_route=\/wp\/v2\/pages\/30\/revisions\/121"}],"up":[{"embeddable":true,"href":"https:\/\/fathiddin.net\/english\/index.php?rest_route=\/wp\/v2\/pages\/15"}],"wp:attachment":[{"href":"https:\/\/fathiddin.net\/english\/index.php?rest_route=%2Fwp%2Fv2%2Fmedia&parent=30"}],"curies":[{"name":"wp","href":"https:\/\/api.w.org\/{rel}","templated":true}]}}